{"id":32,"date":"2017-07-24T11:19:58","date_gmt":"2017-07-24T16:19:58","guid":{"rendered":"https:\/\/pages.stolaf.edu\/sto-milestones\/?page_id=32"},"modified":"2019-02-22T10:11:31","modified_gmt":"2019-02-22T16:11:31","slug":"home","status":"publish","type":"page","link":"https:\/\/pages.stolaf.edu\/sto-milestones\/","title":{"rendered":"Home"},"content":{"rendered":"<p>[et_pb_section bb_built=&#8221;1&#8243; fullwidth=&#8221;on&#8221; _builder_version=&#8221;3.0.47&#8243; next_background_color=&#8221;#000000&#8243;][et_pb_fullwidth_slider admin_label=&#8221;color&#8221; _builder_version=&#8221;3.17.6&#8243; header_level=&#8221;h3&#8243; custom_padding=&#8221;|||&#8221; saved_tabs=&#8221;all&#8221; button_text_size__hover_enabled=&#8221;off&#8221; button_text_size__hover=&#8221;null&#8221; button_one_text_size__hover_enabled=&#8221;off&#8221; button_one_text_size__hover=&#8221;null&#8221; button_two_text_size__hover_enabled=&#8221;off&#8221; button_two_text_size__hover=&#8221;null&#8221; button_text_color__hover_enabled=&#8221;off&#8221; button_text_color__hover=&#8221;null&#8221; button_one_text_color__hover_enabled=&#8221;off&#8221; button_one_text_color__hover=&#8221;null&#8221; button_two_text_color__hover_enabled=&#8221;off&#8221; button_two_text_color__hover=&#8221;null&#8221; button_border_width__hover_enabled=&#8221;off&#8221; button_border_width__hover=&#8221;null&#8221; button_one_border_width__hover_enabled=&#8221;off&#8221; button_one_border_width__hover=&#8221;null&#8221; button_two_border_width__hover_enabled=&#8221;off&#8221; button_two_border_width__hover=&#8221;null&#8221; button_border_color__hover_enabled=&#8221;off&#8221; button_border_color__hover=&#8221;null&#8221; button_one_border_color__hover_enabled=&#8221;off&#8221; button_one_border_color__hover=&#8221;null&#8221; button_two_border_color__hover_enabled=&#8221;off&#8221; button_two_border_color__hover=&#8221;null&#8221; button_border_radius__hover_enabled=&#8221;off&#8221; button_border_radius__hover=&#8221;null&#8221; button_one_border_radius__hover_enabled=&#8221;off&#8221; button_one_border_radius__hover=&#8221;null&#8221; button_two_border_radius__hover_enabled=&#8221;off&#8221; button_two_border_radius__hover=&#8221;null&#8221; button_letter_spacing__hover_enabled=&#8221;on&#8221; button_letter_spacing__hover=&#8221;0&#8243; button_one_letter_spacing__hover_enabled=&#8221;off&#8221; button_one_letter_spacing__hover=&#8221;null&#8221; button_two_letter_spacing__hover_enabled=&#8221;off&#8221; button_two_letter_spacing__hover=&#8221;null&#8221; button_bg_color__hover_enabled=&#8221;off&#8221; button_bg_color__hover=&#8221;null&#8221; button_one_bg_color__hover_enabled=&#8221;off&#8221; button_one_bg_color__hover=&#8221;null&#8221; button_two_bg_color__hover_enabled=&#8221;off&#8221; button_two_bg_color__hover=&#8221;null&#8221; global_module=&#8221;326&#8243;][et_pb_slide heading=&#8221;Milestones: Religions in India&#8221; use_bg_overlay=&#8221;off&#8221; use_text_overlay=&#8221;on&#8221; text_overlay_color=&#8221;rgba(206,206,206,0.59)&#8221; text_border_radius=&#8221;0&#8243; _builder_version=&#8221;3.17.6&#8243; header_font=&#8221;Arial|on|||&#8221; header_font_size=&#8221;38&#8243; header_font_size_tablet=&#8221;12&#8243; header_font_size_phone=&#8221;12&#8243; body_font=&#8221;||||&#8221; background_color=&#8221;#ffffff&#8221; background_image=&#8221;https:\/\/pages.stolaf.edu\/sto-milestones\/wp-content\/uploads\/sites\/1046\/2018\/11\/feet.jpg&#8221; button_on_hover=&#8221;on&#8221; background_layout=&#8221;light&#8221;][\/et_pb_slide][\/et_pb_fullwidth_slider][et_pb_fullwidth_menu admin_label=&#8221;orange horizontal&#8221; menu_id=&#8221;2&#8243; submenu_direction=&#8221;downwards&#8221; fullwidth_menu=&#8221;off&#8221; _builder_version=&#8221;3.17.6&#8243; menu_font=&#8221;Roboto||||&#8221; menu_text_color=&#8221;#ffffff&#8221; menu_font_size=&#8221;20px&#8221; background_color=&#8221;#f2a900&#8243; text_orientation=&#8221;center&#8221; background_layout=&#8221;dark&#8221; saved_tabs=&#8221;all&#8221; global_module=&#8221;331&#8243;]<\/p>\n<p><\/p>\n<p>[\/et_pb_fullwidth_menu][\/et_pb_section][et_pb_section bb_built=&#8221;1&#8243; fullwidth=&#8221;on&#8221; _builder_version=&#8221;3.0.72&#8243; prev_background_color=&#8221;#000000&#8243;][et_pb_fullwidth_map address=&#8221;Hyderabad, Telangana, India&#8221; zoom_level=&#8221;5&#8243; address_lat=&#8221;17.385044&#8243; address_lng=&#8221;78.486671&#8243; _builder_version=&#8221;3.19.17&#8243; saved_tabs=&#8221;all&#8221;][et_pb_map_pin _builder_version=&#8221;3.19.17&#8243; zoom_level=&#8221;18&#8243; pin_address_lat=&#8221;17.3889241&#8243; pin_address_lng=&#8221;78.4741123&#8243; title=&#8221;Henry Martyn Institute&#8221; pin_address=&#8221;6-3-128\/1 beside National Police Academy, Shivrampally, Hyderabad, Telangana 500052, India&#8221;]<\/p>\n<p><a href=\"http:\/\/hmiindia.org\/\">HMI<\/a>&nbsp;Hyderabad. <a href=\"https:\/\/pages.stolaf.edu\/sto-milestones\/project\/hmi\/\">Milestone<\/a><\/p>\n<p>[\/et_pb_map_pin][et_pb_map_pin _builder_version=&#8221;3.19.17&#8243; zoom_level=&#8221;18&#8243; pin_address_lat=&#8221;12.2225695&#8243; pin_address_lng=&#8221;79.05937500000005&#8243; title=&#8221;Quo Vadis&#8221; pin_address=&#8221;Thamarai Nagar, Tiruvannamalai, Tamil Nadu 606601, India&#8221;]<\/p>\n<p><a href=\"https:\/\/www.facebook.com\/quovadisinterfaith\/\">Quo Vadis&nbsp; T<\/a>iruvannamalai<\/p>\n<p>[\/et_pb_map_pin][et_pb_map_pin _builder_version=&#8221;3.19.17&#8243; zoom_level=&#8221;18&#8243; pin_address_lat=&#8221;13.0798463&#8243; pin_address_lng=&#8221;80.25990330000002&#8243; title=&#8221;YWCA (Chennai)&#8221; pin_address=&#8221;1086, Poonamallee High Rd, Mahaveer Colony, Periyamet, Chennai, Tamil Nadu 600010, India&#8221;]<\/p>\n<p><a href=\"https:\/\/ywcamadras.org\/international-guest-house\/\">YWCA<\/a>&nbsp;International Guest House, Chennai<\/p>\n<p>[\/et_pb_map_pin][et_pb_map_pin _builder_version=&#8221;3.19.17&#8243; zoom_level=&#8221;18&#8243; pin_address_lat=&#8221;27.1750151&#8243; pin_address_lng=&#8221;78.04215520000002&#8243; title=&#8221;Taj Mahal&#8221; pin_address=&#8221;Dharmapuri, Forest Colony, Tajganj, Agra, Uttar Pradesh 282001, India&#8221; \/][et_pb_map_pin _builder_version=&#8221;3.19.17&#8243; zoom_level=&#8221;18&#8243; pin_address_lat=&#8221;28.7040592&#8243; pin_address_lng=&#8221;77.10249019999992&#8243; title=&#8221;Masjid-i Jah\u0101n-Num\u0101&#8221; pin_address=&#8221;Masjid-i Jah\u0101n-Num &#8220;]<\/p>\n<p>A <a href=\"https:\/\/pages.stolaf.edu\/sto-milestones\/project\/rickshaw-ride-through-old-delhi\/\">rickshaw ride<\/a> began here.<\/p>\n<p>[\/et_pb_map_pin][et_pb_map_pin _builder_version=&#8221;3.19.17&#8243; zoom_level=&#8221;18&#8243; pin_address_lat=&#8221;27.0945291&#8243; pin_address_lng=&#8221;77.6679292&#8243; title=&#8221;Fatehpur Sikri&#8221; pin_address=&#8221;Fatehpur Sikri, Uttar Pradesh 283110, India&#8221;]<\/p>\n<p>Akbar&#8217;s palace where he gathered leaders of several religions for discussion.<\/p>\n<p>[\/et_pb_map_pin][\/et_pb_fullwidth_map][\/et_pb_section]<\/p>\n","protected":false},"excerpt":{"rendered":"<p>HMI&nbsp;Hyderabad. Milestone Quo Vadis&nbsp; Tiruvannamalai YWCA&nbsp;International Guest House, Chennai A rickshaw ride began here. Akbar&#8217;s palace where he gathered leaders of several religions for discussion.<\/p>\n","protected":false},"author":2244,"featured_media":0,"parent":0,"menu_order":0,"comment_status":"closed","ping_status":"closed","template":"page-template-blank.php","meta":{"_et_pb_use_builder":"on","_et_pb_old_content":"","_et_gb_content_width":"","footnotes":""},"class_list":["post-32","page","type-page","status-publish","hentry"],"_links":{"self":[{"href":"https:\/\/pages.stolaf.edu\/sto-milestones\/wp-json\/wp\/v2\/pages\/32","targetHints":{"allow":["GET"]}}],"collection":[{"href":"https:\/\/pages.stolaf.edu\/sto-milestones\/wp-json\/wp\/v2\/pages"}],"about":[{"href":"https:\/\/pages.stolaf.edu\/sto-milestones\/wp-json\/wp\/v2\/types\/page"}],"author":[{"embeddable":true,"href":"https:\/\/pages.stolaf.edu\/sto-milestones\/wp-json\/wp\/v2\/users\/2244"}],"replies":[{"embeddable":true,"href":"https:\/\/pages.stolaf.edu\/sto-milestones\/wp-json\/wp\/v2\/comments?post=32"}],"version-history":[{"count":25,"href":"https:\/\/pages.stolaf.edu\/sto-milestones\/wp-json\/wp\/v2\/pages\/32\/revisions"}],"predecessor-version":[{"id":1557,"href":"https:\/\/pages.stolaf.edu\/sto-milestones\/wp-json\/wp\/v2\/pages\/32\/revisions\/1557"}],"wp:attachment":[{"href":"https:\/\/pages.stolaf.edu\/sto-milestones\/wp-json\/wp\/v2\/media?parent=32"}],"curies":[{"name":"wp","href":"https:\/\/api.w.org\/{rel}","templated":true}]}}