{"id":2,"date":"2012-08-13T02:09:15","date_gmt":"2012-08-13T02:09:15","guid":{"rendered":"https:\/\/pages.stolaf.edu\/medinavi\/?page_id=2"},"modified":"2020-10-15T19:23:48","modified_gmt":"2020-10-16T00:23:48","slug":"sample-page","status":"publish","type":"page","link":"https:\/\/pages.stolaf.edu\/medinavi\/sample-page\/","title":{"rendered":"Well, click here to tell you what this old school blog is about."},"content":{"rendered":"<h1 style=\"text-align: center;\"><strong style=\"color: #000000;\"><a href=\"https:\/\/pages.stolaf.edu\/wp-content\/uploads\/sites\/37\/2012\/08\/Screen-Shot-2014-02-24-at-11.42.49-PM.png\"><img loading=\"lazy\" decoding=\"async\" class=\"alignnone size-full wp-image-386\" src=\"https:\/\/pages.stolaf.edu\/wp-content\/uploads\/sites\/37\/2012\/08\/Screen-Shot-2014-02-24-at-11.42.49-PM.png\" alt=\"Screen Shot 2014-02-24 at 11.42.49 PM\" width=\"635\" height=\"456\" srcset=\"https:\/\/pages.stolaf.edu\/medinavi\/wp-content\/uploads\/sites\/37\/2012\/08\/Screen-Shot-2014-02-24-at-11.42.49-PM.png 635w, https:\/\/pages.stolaf.edu\/medinavi\/wp-content\/uploads\/sites\/37\/2012\/08\/Screen-Shot-2014-02-24-at-11.42.49-PM-150x107.png 150w, https:\/\/pages.stolaf.edu\/medinavi\/wp-content\/uploads\/sites\/37\/2012\/08\/Screen-Shot-2014-02-24-at-11.42.49-PM-300x215.png 300w\" sizes=\"auto, (max-width: 635px) 100vw, 635px\" \/><\/a><\/strong><\/h1>\n<h2 style=\"text-align: center;\"><strong style=\"color: #000000;\">Bienvenido\/x\/as. En esta p\u00e1gina encontrar\u00e1n informaci\u00f3n sobre mis clases, investigaci\u00f3n y comunidad.<\/strong><\/h2>\n<h2 style=\"text-align: center;\"><span style=\"color: #000000;\"><strong>\u00a0<em>Welcome to my page. Here you will find general information about my courses, research, and community.<\/em><\/strong><\/span><\/h2>\n<p><a href=\"https:\/\/www.facebook.com\/kristina.medinavilarino\"><img loading=\"lazy\" decoding=\"async\" class=\"aligncenter size-full wp-image-426\" src=\"https:\/\/pages.stolaf.edu\/wp-content\/uploads\/sites\/37\/2012\/08\/Screen-Shot-2015-03-16-at-5.41.17-PM.png\" alt=\"Screen Shot 2015-03-16 at 5.41.17 PM\" width=\"390\" height=\"119\" srcset=\"https:\/\/pages.stolaf.edu\/medinavi\/wp-content\/uploads\/sites\/37\/2012\/08\/Screen-Shot-2015-03-16-at-5.41.17-PM.png 390w, https:\/\/pages.stolaf.edu\/medinavi\/wp-content\/uploads\/sites\/37\/2012\/08\/Screen-Shot-2015-03-16-at-5.41.17-PM-150x46.png 150w, https:\/\/pages.stolaf.edu\/medinavi\/wp-content\/uploads\/sites\/37\/2012\/08\/Screen-Shot-2015-03-16-at-5.41.17-PM-300x92.png 300w\" sizes=\"auto, (max-width: 390px) 100vw, 390px\" \/><\/a><\/p>\n","protected":false},"excerpt":{"rendered":"<p>Bienvenido\/x\/as. En esta p\u00e1gina encontrar\u00e1n informaci\u00f3n sobre mis clases, investigaci\u00f3n y comunidad. \u00a0Welcome to my page. Here you will find general information about my courses, research, and community.<\/p>\n","protected":false},"author":34,"featured_media":0,"parent":0,"menu_order":0,"comment_status":"closed","ping_status":"closed","template":"","meta":{"footnotes":""},"class_list":["post-2","page","type-page","status-publish","hentry"],"_links":{"self":[{"href":"https:\/\/pages.stolaf.edu\/medinavi\/wp-json\/wp\/v2\/pages\/2","targetHints":{"allow":["GET"]}}],"collection":[{"href":"https:\/\/pages.stolaf.edu\/medinavi\/wp-json\/wp\/v2\/pages"}],"about":[{"href":"https:\/\/pages.stolaf.edu\/medinavi\/wp-json\/wp\/v2\/types\/page"}],"author":[{"embeddable":true,"href":"https:\/\/pages.stolaf.edu\/medinavi\/wp-json\/wp\/v2\/users\/34"}],"replies":[{"embeddable":true,"href":"https:\/\/pages.stolaf.edu\/medinavi\/wp-json\/wp\/v2\/comments?post=2"}],"version-history":[{"count":25,"href":"https:\/\/pages.stolaf.edu\/medinavi\/wp-json\/wp\/v2\/pages\/2\/revisions"}],"predecessor-version":[{"id":771,"href":"https:\/\/pages.stolaf.edu\/medinavi\/wp-json\/wp\/v2\/pages\/2\/revisions\/771"}],"wp:attachment":[{"href":"https:\/\/pages.stolaf.edu\/medinavi\/wp-json\/wp\/v2\/media?parent=2"}],"curies":[{"name":"wp","href":"https:\/\/api.w.org\/{rel}","templated":true}]}}