{"id":51,"date":"2015-12-18T16:02:03","date_gmt":"2015-12-18T22:02:03","guid":{"rendered":"https:\/\/pages.stolaf.edu\/esj-2016\/?page_id=51"},"modified":"2015-12-22T09:49:36","modified_gmt":"2015-12-22T15:49:36","slug":"home","status":"publish","type":"page","link":"https:\/\/pages.stolaf.edu\/esj-2016\/","title":{"rendered":"Home"},"content":{"rendered":"<p>[et_pb_section admin_label=&#8221;Section&#8221; fullwidth=&#8221;on&#8221; specialty=&#8221;off&#8221;][et_pb_fullwidth_slider admin_label=&#8221;Fullwidth Slider&#8221; show_arrows=&#8221;off&#8221; show_pagination=&#8221;off&#8221; auto=&#8221;off&#8221; auto_ignore_hover=&#8221;off&#8221; parallax=&#8221;on&#8221; parallax_method=&#8221;off&#8221; remove_inner_shadow=&#8221;off&#8221; background_position=&#8221;default&#8221; background_size=&#8221;default&#8221; hide_content_on_mobile=&#8221;off&#8221; hide_cta_on_mobile=&#8221;off&#8221; show_image_video_mobile=&#8221;off&#8221; header_font_size=&#8221;46&#8243; body_font_size=&#8221;16&#8243; custom_button=&#8221;off&#8221; button_text_size=&#8221;20&#8243; button_border_width=&#8221;2&#8243; button_border_radius=&#8221;3&#8243; button_letter_spacing=&#8221;0&#8243; button_use_icon=&#8221;default&#8221; button_icon_placement=&#8221;right&#8221; button_on_hover=&#8221;on&#8221; button_border_radius_hover=&#8221;3&#8243; button_letter_spacing_hover=&#8221;0&#8243;] [et_pb_slide heading=&#8221;ENVIRONMENTAL SUSTAINABILITY IN JAPAN 2016&#8243; background_image=&#8221;https:\/\/pages.stolaf.edu\/wp-content\/uploads\/sites\/740\/2015\/12\/reeds.jpg&#8221; background_position=&#8221;bottom_center&#8221; background_size=&#8221;default&#8221; background_color=&#8221;#546399&#8243; alignment=&#8221;center&#8221; background_layout=&#8221;dark&#8221; allow_player_pause=&#8221;off&#8221; header_font_select=&#8221;Bitter&#8221; header_font=&#8221;Bitter|on|||&#8221; header_font_size=&#8221;40&#8243; header_letter_spacing=&#8221;10&#8243; header_line_height=&#8221;1&#8243; body_font_select=&#8221;default&#8221; custom_button=&#8221;off&#8221; button_font_select=&#8221;default&#8221; button_use_icon=&#8221;default&#8221; button_icon_placement=&#8221;right&#8221; button_on_hover=&#8221;on&#8221;]<\/p>\n<h1><\/h1>\n<p>[\/et_pb_slide] [\/et_pb_fullwidth_slider][\/et_pb_section][et_pb_section admin_label=&#8221;Section&#8221; fullwidth=&#8221;off&#8221; specialty=&#8221;on&#8221; transparent_background=&#8221;off&#8221; allow_player_pause=&#8221;off&#8221; inner_shadow=&#8221;off&#8221; parallax=&#8221;off&#8221; parallax_method=&#8221;off&#8221; padding_mobile=&#8221;off&#8221; make_fullwidth=&#8221;on&#8221; use_custom_width=&#8221;off&#8221; width_unit=&#8221;on&#8221; make_equal=&#8221;off&#8221; use_custom_gutter=&#8221;off&#8221; gutter_width=&#8221;3&#8243; parallax_1=&#8221;off&#8221; parallax_method_1=&#8221;off&#8221; parallax_2=&#8221;off&#8221; parallax_method_2=&#8221;off&#8221;][et_pb_column type=&#8221;3_4&#8243; specialty_columns=&#8221;3&#8243;][et_pb_row_inner admin_label=&#8221;Row&#8221; padding_mobile=&#8221;off&#8221; use_custom_gutter=&#8221;off&#8221; gutter_width=&#8221;3&#8243; column_padding_mobile=&#8221;on&#8221; make_equal=&#8221;off&#8221; parallax_1=&#8221;on&#8221; parallax_method_1=&#8221;off&#8221;][et_pb_column_inner type=&#8221;4_4&#8243; saved_specialty_column_type=&#8221;3_4&#8243;][et_pb_blog admin_label=&#8221;Blog&#8221; fullwidth=&#8221;off&#8221; show_thumbnail=&#8221;on&#8221; show_content=&#8221;off&#8221; show_more=&#8221;off&#8221; show_author=&#8221;on&#8221; show_date=&#8221;on&#8221; show_categories=&#8221;on&#8221; show_comments=&#8221;off&#8221; show_pagination=&#8221;on&#8221; offset_number=&#8221;0&#8243; background_layout=&#8221;light&#8221; use_dropshadow=&#8221;off&#8221; header_font_size=&#8221;18&#8243; meta_font_size=&#8221;14&#8243; body_font_size=&#8221;14&#8243; use_border_color=&#8221;off&#8221; border_color=&#8221;#ffffff&#8221; border_style=&#8221;solid&#8221; posts_number=&#8221;12&#8243; masonry_tile_background_color=&#8221;#57a8bb&#8221; header_font=&#8221;Trebuchet|on|||&#8221; header_text_color=&#8221;#ffffff&#8221; body_font=&#8221;Lato||||&#8221; body_text_color=&#8221;#ffffff&#8221; meta_text_color=&#8221;#e8e8e8&#8243;] [\/et_pb_blog][\/et_pb_column_inner][\/et_pb_row_inner][\/et_pb_column][et_pb_column type=&#8221;1_4&#8243;][et_pb_accordion admin_label=&#8221;Accordion&#8221; toggle_font_size=&#8221;16&#8243; body_font_size=&#8221;14&#8243; use_border_color=&#8221;off&#8221; border_color=&#8221;#ffffff&#8221; border_style=&#8221;solid&#8221; open_toggle_background_color=&#8221;#4db182&#8243; closed_toggle_background_color=&#8221;#5463a4&#8243; toggle_font=&#8221;Trebuchet|on|||&#8221; toggle_text_color=&#8221;#ffffff&#8221; body_text_color=&#8221;#f9f9f9&#8243;] [et_pb_accordion_item title=&#8221;January 2-5&#8243;]<\/p>\n<p>Flight. Tokyo food tour. Kahaku.<\/p>\n<p>[\/et_pb_accordion_item][et_pb_accordion_item title=&#8221;January 6-12&#8243;]<\/p>\n<p>Asian Rural Institute. Nikko. Kinoshi Juku.<\/p>\n<p>[\/et_pb_accordion_item][et_pb_accordion_item title=&#8221;January 13-16&#8243;]<\/p>\n<p>Tokyo. Nagawa-machi. N\u014ddai. Otaya Matsuri.<\/p>\n<p>[\/et_pb_accordion_item][et_pb_accordion_item title=&#8221;January 17-18&#8243;]<\/p>\n<p>Free time!<\/p>\n<p>[\/et_pb_accordion_item][et_pb_accordion_item title=&#8221;January 19-30&#8243;]<\/p>\n<p>ARI. Ashio. Watarase. Yotsuba. Fukushima. Farewell!<\/p>\n<p>[\/et_pb_accordion_item] [\/et_pb_accordion][et_pb_text admin_label=&#8221;Text&#8221; background_layout=&#8221;dark&#8221; text_orientation=&#8221;left&#8221; text_font_size=&#8221;12&#8243; use_border_color=&#8221;off&#8221; border_color=&#8221;#ffffff&#8221; border_style=&#8221;solid&#8221; text_font=&#8221;Lato||||&#8221; background_color=&#8221;#8557bb&#8221; text_line_height=&#8221;1.3em&#8221; border_width=&#8221;5px&#8221; custom_margin=&#8221;3px|4px|3px|3px&#8221; custom_padding=&#8221;3px|4px|3px|3px&#8221;]<\/p>\n<p>Greetings, dear reader!<\/p>\n<p>Welcome to thoughts, photos and videos from students tracking\u00a0the\u00a0ideas and practices of community leadership around environmental sustainability in Japan. I&#8217;ve charged them with considering\u00a0how local\u00a0communities meet\u00a0global environmental challenges, to counter\u00a0the popular US image that Asia matters environmentally mostly as a source of problems. We learn\u00a0through field trips, discussion, and symposia with Japanese students, and\u00a0hands-on participation in daily food life at the Asian Rural Institute.<\/p>\n<p>I hope you&#8217;ll enjoy these\u00a0glimpses of\u00a0our journey,<\/p>\n<p>Kathy Tegtmeyer Pak<br \/>\nAssociate Professor<br \/>\nDepartments of Asian Studies &amp; Political Science, St. Olaf College<\/p>\n<p>[\/et_pb_text][\/et_pb_column][\/et_pb_section][et_pb_section admin_label=&#8221;Section&#8221; fullwidth=&#8221;on&#8221; specialty=&#8221;off&#8221;][et_pb_fullwidth_header admin_label=&#8221;Fullwidth Header&#8221; title=&#8221;Follow us on the ESJ 2016 Map&#8221; subhead=&#8221;Links to all locations embedded in the map pins &#8221; background_layout=&#8221;dark&#8221; text_orientation=&#8221;justified&#8221; header_fullscreen=&#8221;off&#8221; header_scroll_down=&#8221;off&#8221; parallax=&#8221;off&#8221; parallax_method=&#8221;off&#8221; content_orientation=&#8221;center&#8221; image_orientation=&#8221;bottom&#8221; title_font=&#8221;Bitter||||&#8221; title_font_color=&#8221;#f7f8f9&#8243; subhead_font=&#8221;Lato||||&#8221; content_font_color=&#8221;#57a8bb&#8221; custom_button_one=&#8221;off&#8221; button_one_text_size=&#8221;20&#8243; button_one_border_width=&#8221;2&#8243; button_one_border_radius=&#8221;3&#8243; button_one_letter_spacing=&#8221;0&#8243; button_one_use_icon=&#8221;default&#8221; button_one_icon_placement=&#8221;right&#8221; button_one_on_hover=&#8221;on&#8221; button_one_border_radius_hover=&#8221;3&#8243; button_one_letter_spacing_hover=&#8221;0&#8243; custom_button_two=&#8221;off&#8221; button_two_text_size=&#8221;20&#8243; button_two_border_width=&#8221;2&#8243; button_two_border_radius=&#8221;3&#8243; button_two_letter_spacing=&#8221;0&#8243; button_two_use_icon=&#8221;default&#8221; button_two_icon_placement=&#8221;right&#8221; button_two_on_hover=&#8221;on&#8221; button_two_border_radius_hover=&#8221;3&#8243; button_two_letter_spacing_hover=&#8221;0&#8243; title_font_size=&#8221;25px&#8221; subhead_font_size=&#8221;20px&#8221; max_width=&#8221;2000px&#8221; background_color=&#8221;#5463a4&#8243;] [\/et_pb_fullwidth_header][et_pb_fullwidth_map admin_label=&#8221;Fullwidth Map&#8221; address=&#8221;Tsukinukizawa, Nasushiobara, Tochigi Prefecture 329-2703, Japan&#8221; zoom_level=&#8221;6&#8243; address_lat=&#8221;37.274558662883095&#8243; address_lng=&#8221;138.37202403466495&#8243; mouse_wheel=&#8221;off&#8221;] [et_pb_map_pin title=&#8221;Asian Rural Institute&#8221; pin_address=&#8221;Tsukinukizawa, Nasushiobara, Tochigi Prefecture 329-2703, Japan&#8221; pin_address_lat=&#8221;36.9011886&#8243; pin_address_lng=&#8221;139.9995189&#8243;]<\/p>\n<p><a href=\"http:\/\/www.ari-edu.org\/en\/\">Nasushiobara, Tochigi<\/a>.<\/p>\n<p>[\/et_pb_map_pin][et_pb_map_pin title=&#8221;Sakura Hotel Ikebukuro&#8221; pin_address=&#8221;2 Chome-40-7 Ikebukuro, Toshima-ku, T\u014dky\u014d-to 170-0014, Japan&#8221; pin_address_lat=&#8221;35.7336139&#8243; pin_address_lng=&#8221;139.7088026&#8243;]<\/p>\n<p><a href=\"http:\/\/www.sakura-hotel-ikebukuro.com\/\">Ikebukuro hostel<\/a> that&#8217;s home for two nights.<\/p>\n<p>[\/et_pb_map_pin][et_pb_map_pin title=&#8221;Tokyo Central Youth Hostel&#8221; pin_address=&#8221;1-1 Kaguragashi, Shinjuku-ku, T\u014dky\u014d-to 162-0823, Japan&#8221; pin_address_lat=&#8221;35.7009516&#8243; pin_address_lng=&#8221;139.7435789&#8243;]<\/p>\n<p><a href=\"http:\/\/www.jyh.gr.jp\/tcyh\/e\/top.html\">2nd hostel home<\/a>, two more nights.<\/p>\n<p>[\/et_pb_map_pin][et_pb_map_pin title=&#8221;Unmemory Pension&#8221; pin_address=&#8221;3518-2634 Daimon, Nagawa-machi, Chiisagata-gun, Nagano-ken 386-0601, Japan&#8221; pin_address_lat=&#8221;36.1173511&#8243; pin_address_lng=&#8221;138.21582480000006&#8243;]<\/p>\n<p><a href=\"http:\/\/www.tripadvisor.com\/Hotel_Review-g1120577-d1314882-Reviews-Pension_Unmemory-Nagawa_machi_Chiisagata_gun_Nagano_Prefecture_Chubu.html\">Ski village hotel<\/a> in Nagawa-machi.<\/p>\n<p>[\/et_pb_map_pin][et_pb_map_pin title=&#8221;Kinoshi Juku&#8221; pin_address=&#8221;1041 Nakayama, Nasukarasuyama-shi, Tochigi-ken 321-0604, Japan&#8221; pin_address_lat=&#8221;36.7011207&#8243; pin_address_lng=&#8221;140.13126120000004&#8243;]<\/p>\n<p><a href=\"http:\/\/foodpia.geocities.jp\/kinousijuku\/\">Organic farm<\/a>,\u00a0consumer-supported ag &amp; art.<\/p>\n<p>[\/et_pb_map_pin][et_pb_map_pin title=&#8221;Ashio Copper Mine&#8221; pin_address=&#8221;Japan, \u3012321-1514 Tochigi-ken, Nikk\u014d-shi, Ashiomachits\u016bd\u014d, 5\u22121 \u901a\u6d1e\u5e02\u55b6\uff12\u53f7\u4f4f\u5b85&#8221; pin_address_lat=&#8221;36.63494439999999&#8243; pin_address_lng=&#8221;139.44107989999998&#8243;]<\/p>\n<p><a href=\"https:\/\/ejatlas.org\/conflict\/ashio-copper-mine-japan\">Notorious copper mine<\/a>, source of labor movement &amp; pollution tragedy.<\/p>\n<p>[\/et_pb_map_pin][et_pb_map_pin title=&#8221;Yotsuba Co-op&#8221; pin_address=&#8221;1223 Awanomiya, Oyama-shi, Tochigi-ken 329-0201, Japan&#8221; pin_address_lat=&#8221;36.2828854&#8243; pin_address_lng=&#8221;139.78135610000004&#8243;]<\/p>\n<p>Tochigi Prefecture <a href=\"http:\/\/yotsubacoop.jp\/\">consumer co-operative<\/a>.<\/p>\n<p>[\/et_pb_map_pin][et_pb_map_pin title=&#8221;Watarase Basin&#8221; pin_address=&#8221;Tochigi, Tochigi Prefecture, Japan&#8221; pin_address_lat=&#8221;36.3823804&#8243; pin_address_lng=&#8221;139.73408100000006&#8243;]<\/p>\n<p>Artificial reservoir created to protect Tokyo water from Ashio pollution. \u00a0Now a <a href=\"http:\/\/www.ramsar.org\/watarase-yusuichi\">Ramsar Convention recognized wetland<\/a>.<\/p>\n<p>[\/et_pb_map_pin][et_pb_map_pin title=&#8221;Fukushima University&#8221; pin_address=&#8221;Japan, \u3012960-1248 Fukushima-ken, Fukushima-shi, Kanayagawa, 1 \u56fd\u7acb\u798f\u5cf6\u5927\u5b66&#8221; pin_address_lat=&#8221;37.6837106&#8243; pin_address_lng=&#8221;140.45598689999997&#8243;]<\/p>\n<p>Fukushima University,<a href=\"http:\/\/english.adb.fukushima-u.ac.jp\/\"> Future Center for Regional Revitalization<\/a>.<\/p>\n<p>[\/et_pb_map_pin][et_pb_map_pin title=&#8221;Nagawa-machi&#8221; pin_address=&#8221;Nagawa, Chiisagata District, Nagano Prefecture, Japan&#8221; pin_address_lat=&#8221;36.2558541&#8243; pin_address_lng=&#8221;138.26786600000003&#8243;]<\/p>\n<p><a href=\"http:\/\/www.marugoto-nagawa.jp\/what-place.html\">Nagawa-machi, Nagano Prefecture<\/a> &#8211; town of less than 8000 in the central mountains.<\/p>\n<p>[\/et_pb_map_pin][et_pb_map_pin title=&#8221;N\u014ddai (Tokyo University of Agriculture)&#8221; pin_address=&#8221;Japan, \u3012156-0054 T\u014dky\u014d-to, Setagaya-ku, Sakuragaoka, 1 Chome\u22121 \uff11\u53f7\u9928&#8221; pin_address_lat=&#8221;35.6414428&#8243; pin_address_lng=&#8221;139.63253740000005&#8243;]<\/p>\n<p><a href=\"http:\/\/www.nodai.ac.jp\/gp\/nagawa\/\">\u5c71\u6751\u518d\u751f\u30d7\u30ed\u30b8\u30a7\u30af\u30c8<\/a>\u3001\u8fb2\u5927 Mountain Village Revitalization Project at the Tokyo University of Agriculture (N\u014ddai)<\/p>\n<p>[\/et_pb_map_pin][et_pb_map_pin title=&#8221;Narita Airport&#8221; pin_address=&#8221;Narita International Airport (NRT), 1-1 Furugome, Narita-shi, Chiba-ken 282-0004, Japan&#8221; pin_address_lat=&#8221;35.7719867&#8243; pin_address_lng=&#8221;140.39285010000003&#8243;]<\/p>\n<p><a href=\"http:\/\/www.narita-airport.jp\/en\/index.html\">International airport<\/a>!<\/p>\n<p>[\/et_pb_map_pin][et_pb_map_pin title=&#8221;Kahaku&#8221; pin_address=&#8221;7-20 Uenok\u014den, Tait\u014d-ku, T\u014dky\u014d-to 110-0007, Japan&#8221; pin_address_lat=&#8221;35.7162899&#8243; pin_address_lng=&#8221;139.77650949999997&#8243;]<\/p>\n<p><a href=\"http:\/\/www.kahaku.go.jp\/english\/\">National Museum of Nature &amp; Science<\/a><\/p>\n<p>[\/et_pb_map_pin][et_pb_map_pin title=&#8221;Nikko&#8221; pin_address=&#8221;Nikko, Tochigi Prefecture, Japan&#8221; pin_address_lat=&#8221;36.7199026&#8243; pin_address_lng=&#8221;139.69821609999997&#8243;]<\/p>\n<p>National Park and <a href=\"http:\/\/whc.unesco.org\/en\/list\/913\">UNESCO World Heritage Site<\/a>.<\/p>\n<p>[\/et_pb_map_pin] [\/et_pb_fullwidth_map][\/et_pb_section]<\/p>\n","protected":false},"excerpt":{"rendered":"<p>Flight. Tokyo food tour. Kahaku. Asian Rural Institute. Nikko. Kinoshi Juku. Tokyo. Nagawa-machi. N\u014ddai. Otaya Matsuri. Free time! ARI. Ashio. Watarase. Yotsuba. Fukushima. Farewell! Greetings, dear reader! Welcome to thoughts, photos and videos from students tracking\u00a0the\u00a0ideas and practices of community leadership around environmental sustainability in Japan. I&#8217;ve charged them with considering\u00a0how local\u00a0communities meet\u00a0global environmental challenges, [&hellip;]<\/p>\n","protected":false},"author":8,"featured_media":0,"parent":0,"menu_order":0,"comment_status":"closed","ping_status":"closed","template":"","meta":{"_et_pb_use_builder":"on","_et_pb_old_content":"","_et_gb_content_width":"","footnotes":""},"class_list":["post-51","page","type-page","status-publish","hentry"],"_links":{"self":[{"href":"https:\/\/pages.stolaf.edu\/esj-2016\/wp-json\/wp\/v2\/pages\/51","targetHints":{"allow":["GET"]}}],"collection":[{"href":"https:\/\/pages.stolaf.edu\/esj-2016\/wp-json\/wp\/v2\/pages"}],"about":[{"href":"https:\/\/pages.stolaf.edu\/esj-2016\/wp-json\/wp\/v2\/types\/page"}],"author":[{"embeddable":true,"href":"https:\/\/pages.stolaf.edu\/esj-2016\/wp-json\/wp\/v2\/users\/8"}],"replies":[{"embeddable":true,"href":"https:\/\/pages.stolaf.edu\/esj-2016\/wp-json\/wp\/v2\/comments?post=51"}],"version-history":[{"count":25,"href":"https:\/\/pages.stolaf.edu\/esj-2016\/wp-json\/wp\/v2\/pages\/51\/revisions"}],"predecessor-version":[{"id":97,"href":"https:\/\/pages.stolaf.edu\/esj-2016\/wp-json\/wp\/v2\/pages\/51\/revisions\/97"}],"wp:attachment":[{"href":"https:\/\/pages.stolaf.edu\/esj-2016\/wp-json\/wp\/v2\/media?parent=51"}],"curies":[{"name":"wp","href":"https:\/\/api.w.org\/{rel}","templated":true}]}}